{"id":15,"date":"2020-10-29T19:23:37","date_gmt":"2020-10-29T19:23:37","guid":{"rendered":"http:\/\/educacubo.com.br\/?page_id=15"},"modified":"2020-11-26T21:33:32","modified_gmt":"2020-11-26T21:33:32","slug":"educacubo","status":"publish","type":"page","link":"https:\/\/educacubo.com.br\/","title":{"rendered":"EducaCubo"},"content":{"rendered":"\n<div class=\"wp-block-image is-style-default\"><figure class=\"alignright size-large is-resized\"><img loading=\"lazy\" src=\"http:\/\/educacubo.com.br\/wp-content\/uploads\/2020\/10\/App02-713x1024.png\" alt=\"\" class=\"wp-image-27\" width=\"252\" height=\"361\" srcset=\"https:\/\/educacubo.com.br\/wp-content\/uploads\/2020\/10\/App02-713x1024.png 713w, https:\/\/educacubo.com.br\/wp-content\/uploads\/2020\/10\/App02-209x300.png 209w, https:\/\/educacubo.com.br\/wp-content\/uploads\/2020\/10\/App02.png 735w\" sizes=\"(max-width: 252px) 100vw, 252px\" \/><\/figure><\/div>\n\n\n\n<p>O Educa Cubo \u00e9 um aplicativo para auxiliar o professor em sua aula presencial ou a dist\u00e2ncia de uma forma acess\u00edvel, atrav\u00e9s de equipamentos que o aluno tenha acesso como celular ou computador com webcam.<\/p>\n\n\n\n<p>Para in\u00edcio o aplicativo contar\u00e1 com uma biblioteca de objetos 3D que atendam as&nbsp;<strong> ODS<\/strong> da <strong>ONU<\/strong> e tamb\u00e9m permitir\u00e1 que o professor fa\u00e7a upload de seus pr\u00f3prios materiais ou materiais adquiridos de sites como <a href=\"http:\/\/www.turbosquid.com\/\">www.turbosquid.com<\/a> e <a href=\"https:\/\/clara.io\/\">https:\/\/clara.io\/<\/a>.<\/p>\n\n\n\n<figure class=\"wp-block-embed-vimeo wp-block-embed is-type-video is-provider-vimeo wp-embed-aspect-16-9 wp-has-aspect-ratio\"><div class=\"wp-block-embed__wrapper\">\n<iframe title=\"EducaCubo\" src=\"https:\/\/player.vimeo.com\/video\/481439592?dnt=1&amp;app_id=122963\" width=\"525\" height=\"295\" frameborder=\"0\" allow=\"autoplay; fullscreen\" allowfullscreen><\/iframe>\n<\/div><\/figure>\n\n\n\n<figure class=\"wp-block-embed-youtube wp-block-embed is-type-video is-provider-youtube wp-embed-aspect-16-9 wp-has-aspect-ratio\"><div class=\"wp-block-embed__wrapper\">\n<iframe title=\"EducaTeste01\" width=\"525\" height=\"295\" src=\"https:\/\/www.youtube.com\/embed\/3z0AAg-qggg?feature=oembed\" frameborder=\"0\" allow=\"accelerometer; autoplay; clipboard-write; encrypted-media; gyroscope; picture-in-picture\" allowfullscreen><\/iframe>\n<\/div><\/figure>\n\n\n\n<figure class=\"wp-block-embed-youtube wp-block-embed is-type-video is-provider-youtube wp-embed-aspect-16-9 wp-has-aspect-ratio\"><div class=\"wp-block-embed__wrapper\">\n<iframe title=\"EducaTeste02\" width=\"525\" height=\"295\" src=\"https:\/\/www.youtube.com\/embed\/xID2a8rAW8M?feature=oembed\" frameborder=\"0\" allow=\"accelerometer; autoplay; clipboard-write; encrypted-media; gyroscope; picture-in-picture\" allowfullscreen><\/iframe>\n<\/div><\/figure>\n\n\n\n<figure class=\"wp-block-embed-youtube wp-block-embed is-type-video is-provider-youtube wp-embed-aspect-16-9 wp-has-aspect-ratio\"><div class=\"wp-block-embed__wrapper\">\n<iframe title=\"EducaTeste03\" width=\"525\" height=\"295\" src=\"https:\/\/www.youtube.com\/embed\/kdCDA0kw-IA?feature=oembed\" frameborder=\"0\" allow=\"accelerometer; autoplay; clipboard-write; encrypted-media; gyroscope; picture-in-picture\" allowfullscreen><\/iframe>\n<\/div><\/figure>\n\n\n\n<figure class=\"wp-block-embed-youtube wp-block-embed is-type-video is-provider-youtube wp-embed-aspect-16-9 wp-has-aspect-ratio\"><div class=\"wp-block-embed__wrapper\">\n<iframe title=\"EducaTeste04\" width=\"525\" height=\"295\" src=\"https:\/\/www.youtube.com\/embed\/w4H4D1EsDCs?feature=oembed\" frameborder=\"0\" allow=\"accelerometer; autoplay; clipboard-write; encrypted-media; gyroscope; picture-in-picture\" allowfullscreen><\/iframe>\n<\/div><\/figure>\n","protected":false},"excerpt":{"rendered":"<p>O Educa Cubo \u00e9 um aplicativo para auxiliar o professor em sua aula presencial ou a dist\u00e2ncia de uma forma acess\u00edvel, atrav\u00e9s de equipamentos que o aluno tenha acesso como celular ou computador com webcam. Para in\u00edcio o aplicativo contar\u00e1 com uma biblioteca de objetos 3D que atendam as&nbsp; ODS da ONU e tamb\u00e9m permitir\u00e1 &hellip; <\/p>\n<p class=\"link-more\"><a href=\"https:\/\/educacubo.com.br\/\" class=\"more-link\">Continue lendo<span class=\"screen-reader-text\"> &#8220;EducaCubo&#8221;<\/span><\/a><\/p>\n","protected":false},"author":1,"featured_media":18,"parent":0,"menu_order":0,"comment_status":"closed","ping_status":"closed","template":"","meta":[],"_links":{"self":[{"href":"https:\/\/educacubo.com.br\/index.php?rest_route=\/wp\/v2\/pages\/15"}],"collection":[{"href":"https:\/\/educacubo.com.br\/index.php?rest_route=\/wp\/v2\/pages"}],"about":[{"href":"https:\/\/educacubo.com.br\/index.php?rest_route=\/wp\/v2\/types\/page"}],"author":[{"embeddable":true,"href":"https:\/\/educacubo.com.br\/index.php?rest_route=\/wp\/v2\/users\/1"}],"replies":[{"embeddable":true,"href":"https:\/\/educacubo.com.br\/index.php?rest_route=%2Fwp%2Fv2%2Fcomments&post=15"}],"version-history":[{"count":6,"href":"https:\/\/educacubo.com.br\/index.php?rest_route=\/wp\/v2\/pages\/15\/revisions"}],"predecessor-version":[{"id":109,"href":"https:\/\/educacubo.com.br\/index.php?rest_route=\/wp\/v2\/pages\/15\/revisions\/109"}],"wp:featuredmedia":[{"embeddable":true,"href":"https:\/\/educacubo.com.br\/index.php?rest_route=\/wp\/v2\/media\/18"}],"wp:attachment":[{"href":"https:\/\/educacubo.com.br\/index.php?rest_route=%2Fwp%2Fv2%2Fmedia&parent=15"}],"curies":[{"name":"wp","href":"https:\/\/api.w.org\/{rel}","templated":true}]}}